{"id":13737,"date":"2020-08-04T12:22:32","date_gmt":"2020-08-04T10:22:32","guid":{"rendered":"https:\/\/www.fileni.it\/?post_type=comunicato-stampa&#038;p=13737"},"modified":"2020-08-04T12:22:32","modified_gmt":"2020-08-04T10:22:32","slug":"nomisma-osservatorio-the-world-after-lockdown-focus-per-fileni","status":"publish","type":"comunicato-stampa","link":"https:\/\/www.fileni.it\/en\/comunicato-stampa\/nomisma-osservatorio-the-world-after-lockdown-focus-per-fileni\/","title":{"rendered":"NOMISMA\/OSSERVATORIO THE WORLD AFTER LOCKDOWN \u2013 FOCUS PER FILENI"},"content":{"rendered":"","protected":false},"excerpt":{"rendered":"<p>LOCKDOWN, GREEN DEAL E FARM TO FORK: TRACCIABILIT\u00c0, SOSTENIBILIT\u00c0 E BIOLOGICO DRIVER DI SCELTA SEMPRE PI\u00d9 IMPORTANTI PER CONSUMATORI E IMPRESE<br \/>\nIL COMPARTO CARNE \u00c8 QUELLO PI\u00d9 COINVOLTO: DUE TERZI DEGLI ITALIANI CERCA CARNE DA ALLEVAMENTI ALL\u2019APERTO, 9 SU 10 VOGLIONO PACKAGING SOSTENIBILE<br \/>\n\u00c8 quanto emerge dall\u2019INDAGINE per Fileni nell\u2019ambito dell\u2019Osservatorio \u201cTHE WORLD AFTER LOCKDOWN\u201d curato da Nomisma<\/p>","protected":false},"featured_media":0,"template":"","meta":{"_acf_changed":false},"class_list":["post-13737","comunicato-stampa","type-comunicato-stampa","status-publish","hentry"],"acf":[],"yoast_head":"<!-- This site is optimized with the Yoast SEO plugin v26.8 - https:\/\/yoast.com\/product\/yoast-seo-wordpress\/ -->\n<title>NOMISMA\/OSSERVATORIO THE WORLD AFTER LOCKDOWN \u2013 FOCUS PER FILENI - Pollo e piatti pronti Fileni: gastronomia e carni italiane<\/title>\n<meta name=\"robots\" content=\"index, follow, max-snippet:-1, max-image-preview:large, max-video-preview:-1\" \/>\n<link rel=\"canonical\" href=\"https:\/\/www.fileni.it\/en\/comunicato-stampa\/nomisma-osservatorio-the-world-after-lockdown-focus-per-fileni\/\" \/>\n<meta property=\"og:locale\" content=\"en_GB\" \/>\n<meta property=\"og:type\" content=\"article\" \/>\n<meta property=\"og:title\" content=\"NOMISMA\/OSSERVATORIO THE WORLD AFTER LOCKDOWN \u2013 FOCUS PER FILENI - Pollo e piatti pronti Fileni: gastronomia e carni italiane\" \/>\n<meta property=\"og:description\" content=\"LOCKDOWN, GREEN DEAL E FARM TO FORK: TRACCIABILIT\u00c0, SOSTENIBILIT\u00c0 E BIOLOGICO DRIVER DI SCELTA SEMPRE PI\u00d9 IMPORTANTI PER CONSUMATORI E IMPRESE IL COMPARTO CARNE \u00c8 QUELLO PI\u00d9 COINVOLTO: DUE TERZI DEGLI ITALIANI CERCA CARNE DA ALLEVAMENTI ALL\u2019APERTO, 9 SU 10 VOGLIONO PACKAGING SOSTENIBILE \u00c8 quanto emerge dall\u2019INDAGINE per Fileni nell\u2019ambito dell\u2019Osservatorio \u201cTHE WORLD AFTER LOCKDOWN\u201d curato da Nomisma\" \/>\n<meta property=\"og:url\" content=\"https:\/\/www.fileni.it\/en\/comunicato-stampa\/nomisma-osservatorio-the-world-after-lockdown-focus-per-fileni\/\" \/>\n<meta property=\"og:site_name\" content=\"Pollo e piatti pronti Fileni: gastronomia e carni italiane\" \/>\n<meta name=\"twitter:card\" content=\"summary_large_image\" \/>\n<!-- \/ Yoast SEO plugin. -->","yoast_head_json":{"title":"NOMISMA\/OSSERVATORIO THE WORLD AFTER LOCKDOWN \u2013 FOCUS PER FILENI - Pollo e piatti pronti Fileni: gastronomia e carni italiane","robots":{"index":"index","follow":"follow","max-snippet":"max-snippet:-1","max-image-preview":"max-image-preview:large","max-video-preview":"max-video-preview:-1"},"canonical":"https:\/\/www.fileni.it\/en\/comunicato-stampa\/nomisma-osservatorio-the-world-after-lockdown-focus-per-fileni\/","og_locale":"en_GB","og_type":"article","og_title":"NOMISMA\/OSSERVATORIO THE WORLD AFTER LOCKDOWN \u2013 FOCUS PER FILENI - Pollo e piatti pronti Fileni: gastronomia e carni italiane","og_description":"LOCKDOWN, GREEN DEAL E FARM TO FORK: TRACCIABILIT\u00c0, SOSTENIBILIT\u00c0 E BIOLOGICO DRIVER DI SCELTA SEMPRE PI\u00d9 IMPORTANTI PER CONSUMATORI E IMPRESE IL COMPARTO CARNE \u00c8 QUELLO PI\u00d9 COINVOLTO: DUE TERZI DEGLI ITALIANI CERCA CARNE DA ALLEVAMENTI ALL\u2019APERTO, 9 SU 10 VOGLIONO PACKAGING SOSTENIBILE \u00c8 quanto emerge dall\u2019INDAGINE per Fileni nell\u2019ambito dell\u2019Osservatorio \u201cTHE WORLD AFTER LOCKDOWN\u201d curato da Nomisma","og_url":"https:\/\/www.fileni.it\/en\/comunicato-stampa\/nomisma-osservatorio-the-world-after-lockdown-focus-per-fileni\/","og_site_name":"Pollo e piatti pronti Fileni: gastronomia e carni italiane","twitter_card":"summary_large_image","schema":{"@context":"https:\/\/schema.org","@graph":[{"@type":"WebPage","@id":"https:\/\/www.fileni.it\/comunicato-stampa\/nomisma-osservatorio-the-world-after-lockdown-focus-per-fileni\/","url":"https:\/\/www.fileni.it\/comunicato-stampa\/nomisma-osservatorio-the-world-after-lockdown-focus-per-fileni\/","name":"NOMISMA\/OSSERVATORIO THE WORLD AFTER LOCKDOWN \u2013 FOCUS PER FILENI - Pollo e piatti pronti Fileni: gastronomia e carni italiane","isPartOf":{"@id":"https:\/\/www.fileni.it\/#website"},"datePublished":"2020-08-04T10:22:32+00:00","breadcrumb":{"@id":"https:\/\/www.fileni.it\/comunicato-stampa\/nomisma-osservatorio-the-world-after-lockdown-focus-per-fileni\/#breadcrumb"},"inLanguage":"en-GB","potentialAction":[{"@type":"ReadAction","target":["https:\/\/www.fileni.it\/comunicato-stampa\/nomisma-osservatorio-the-world-after-lockdown-focus-per-fileni\/"]}]},{"@type":"BreadcrumbList","@id":"https:\/\/www.fileni.it\/comunicato-stampa\/nomisma-osservatorio-the-world-after-lockdown-focus-per-fileni\/#breadcrumb","itemListElement":[{"@type":"ListItem","position":1,"name":"Home","item":"https:\/\/www.fileni.it\/en\/prodotto\/"},{"@type":"ListItem","position":2,"name":"Comunicati Stampa","item":"https:\/\/www.fileni.it\/en\/prodotto\/"},{"@type":"ListItem","position":3,"name":"NOMISMA\/OSSERVATORIO THE WORLD AFTER LOCKDOWN \u2013 FOCUS PER FILENI"}]},{"@type":"WebSite","@id":"https:\/\/www.fileni.it\/#website","url":"https:\/\/www.fileni.it\/","name":"Pollo e piatti pronti Fileni: gastronomia e carni italiane","description":"","potentialAction":[{"@type":"SearchAction","target":{"@type":"EntryPoint","urlTemplate":"https:\/\/www.fileni.it\/?s={search_term_string}"},"query-input":{"@type":"PropertyValueSpecification","valueRequired":true,"valueName":"search_term_string"}}],"inLanguage":"en-GB"}]}},"_links":{"self":[{"href":"https:\/\/www.fileni.it\/en\/wp-json\/wp\/v2\/comunicato-stampa\/13737","targetHints":{"allow":["GET"]}}],"collection":[{"href":"https:\/\/www.fileni.it\/en\/wp-json\/wp\/v2\/comunicato-stampa"}],"about":[{"href":"https:\/\/www.fileni.it\/en\/wp-json\/wp\/v2\/types\/comunicato-stampa"}],"wp:attachment":[{"href":"https:\/\/www.fileni.it\/en\/wp-json\/wp\/v2\/media?parent=13737"}],"curies":[{"name":"wp","href":"https:\/\/api.w.org\/{rel}","templated":true}]}}

<p>LOCKDOWN, GREEN DEAL E FARM TO FORK: TRACCIABILITÀ, SOSTENIBILITÀ E BIOLOGICO DRIVER DI SCELTA SEMPRE PIÙ IMPORTANTI PER CONSUMATORI E IMPRESE<br />
IL COMPARTO CARNE È QUELLO PIÙ COINVOLTO: DUE TERZI DEGLI ITALIANI CERCA CARNE DA ALLEVAMENTI ALL’APERTO, 9 SU 10 VOGLIONO PACKAGING SOSTENIBILE<br />
È quanto emerge dall’INDAGINE per Fileni nell’ambito dell’Osservatorio “THE WORLD AFTER LOCKDOWN” curato da Nomisma</p>

<!-- This site is optimized with the Yoast SEO plugin v26.8 - https://yoast.com/product/yoast-seo-wordpress/ -->
<title>NOMISMA/OSSERVATORIO THE WORLD AFTER LOCKDOWN – FOCUS PER FILENI - Pollo e piatti pronti Fileni: gastronomia e carni italiane</title>
<meta name="robots" content="index, follow, max-snippet:-1, max-image-preview:large, max-video-preview:-1" />
<link rel="canonical" href="https://www.fileni.it/en/comunicato-stampa/nomisma-osservatorio-the-world-after-lockdown-focus-per-fileni/" />
<meta property="og:locale" content="en_GB" />
<meta property="og:type" content="article" />
<meta property="og:title" content="NOMISMA/OSSERVATORIO THE WORLD AFTER LOCKDOWN – FOCUS PER FILENI - Pollo e piatti pronti Fileni: gastronomia e carni italiane" />
<meta property="og:description" content="LOCKDOWN, GREEN DEAL E FARM TO FORK: TRACCIABILITÀ, SOSTENIBILITÀ E BIOLOGICO DRIVER DI SCELTA SEMPRE PIÙ IMPORTANTI PER CONSUMATORI E IMPRESE IL COMPARTO CARNE È QUELLO PIÙ COINVOLTO: DUE TERZI DEGLI ITALIANI CERCA CARNE DA ALLEVAMENTI ALL’APERTO, 9 SU 10 VOGLIONO PACKAGING SOSTENIBILE È quanto emerge dall’INDAGINE per Fileni nell’ambito dell’Osservatorio “THE WORLD AFTER LOCKDOWN” curato da Nomisma" />
<meta property="og:url" content="https://www.fileni.it/en/comunicato-stampa/nomisma-osservatorio-the-world-after-lockdown-focus-per-fileni/" />
<meta property="og:site_name" content="Pollo e piatti pronti Fileni: gastronomia e carni italiane" />
<meta name="twitter:card" content="summary_large_image" />
<!-- / Yoast SEO plugin. -->

LOCKDOWN, GREEN DEAL E FARM TO FORK: TRACCIABILITÀ, SOSTENIBILITÀ E BIOLOGICO DRIVER DI SCELTA SEMPRE PIÙ IMPORTANTI PER CONSUMATORI E IMPRESE IL COMPARTO CARNE È QUELLO PIÙ COINVOLTO: DUE TERZI DEGLI ITALIANI CERCA CARNE DA ALLEVAMENTI ALL’APERTO, 9 SU 10 VOGLIONO PACKAGING SOSTENIBILE È quanto emerge dall’INDAGINE per Fileni nell’ambito dell’Osservatorio “THE WORLD AFTER LOCKDOWN” curato da Nomisma
